hen 46946 is divided by 939.
935
What is the remainder when 123 is divided by 14?
11
Calculate the remainder when 8333 is divided by 267.
56
Calculate the remainder when 4723737 is divided by 21.
18
Calculate the remainder when 479 is divided by 107.
51
What is the remainder when 30007 is divided by 4?
3
Calculate the remainder when 9107 is divided by 1565.
1282
Calculate the remainder when 74998 is divided by 125.
123
What is the remainder when 1391 is divided by 457?
20
Calculate the remainder when 13823 is divided by 88.
7
What is the remainder when 3129 is divided by 197?
174
What is the remainder when 437 is divided by 123?
68
Calculate the remainder when 4617 is divided by 219.
18
Calculate the remainder when 3730 is divided by 819.
454
Calculate the remainder when 2214 is divided by 895.
424
Calculate the remainder when 560 is divided by 496.
64
Calculate the remainder when 58768 is divided by 606.
592
What is the remainder when 4075022 is divided by 373?
370
Calculate the remainder when 36110 is divided by 4.
2
What is the remainder when 649390 is divided by 373?
370
Calculate the remainder when 4109 is divided by 1283.
260
What is the remainder when 3954358 is divided by 248?
246
Calculate the remainder when 43760 is divided by 1.
0
What is the remainder when 36652 is divided by 96?
76
Calculate the remainder when 219340 is divided by 68.
40
Calculate the remainder when 983 is divided by 93.
53
What is the remainder when 4719 is divided by 1873?
973
What is the remainder when 13848 is divided by 81?
78
Calculate the remainder when 22100 is divided by 598.
572
What is the remainder when 880077 is divided by 772?
769
Calculate the remainder when 1919 is divided by 795.
329
Calculate the remainder when 8568 is divided by 65.
53
Calculate the remainder when 3752 is divided by 132.
56
What is the remainder when 89250 is divided by 87?
75
What is the remainder when 472682 is divided by 63?
56
What is the remainder when 1623 is divided by 59?
30
What is the remainder when 3608 is divided by 362?
350
What is the remainder when 1848800 is divided by 43?
15
Calculate the remainder when 6893 is divided by 10.
3
What is the remainder when 7837 is divided by 46?
17
What is the remainder when 225 is divided by 17?
4
Calculate the remainder when 2932 is divided by 703.
120
What is the remainder when 5926 is divided by 5920?
6
Calculate the remainder when 49578 is divided by 935.
23
What is the remainder when 89604 is divided by 107?
45
What is the remainder when 514 is divided by 66?
52
Calculate the remainder when 6771 is divided by 231.
72
What is the remainder when 414559 is divided by 5922?
19
Calculate the remainder when 32036 is divided by 311.
3
What is the remainder when 6354 is divided by 276?
6
Calculate the remainder when 127318 is divided by 18185.
23
What is the remainder when 3012 is divided by 418?
86
What is the remainder when 12022 is divided by 2518?
1950
What is the remainder when 28509 is divided by 11?
8
What is the remainder when 112473 is divided by 37484?
21
Calculate the remainder when 11917 is divided by 1539.
1144
Calculate the remainder when 76120 is divided by 346.
0
What is the remainder when 30476 is divided by 61?
37
Calculate the remainder when 96082 is divided by 207.
34
Calculate the remainder when 5836 is divided by 346.
300
Calculate the remainder when 37359 is divided by 425.
384
What is the remainder when 78389 is divided by 90?
89
Calculate the remainder when 17813 is divided by 118.
113
Calculate the remainder when 186098 is divided by 23261.
10
What is the remainder when 2969251 is divided by 391?
388
Calculate the remainder when 58763 is divided by 29377.
9
Calculate the remainder when 59276 is divided by 63.
56
Calculate the remainder when 481918 is divided by 251.
249
Calculate the remainder when 1972346 is divided by 50.
46
Calculate the remainder when 4083 is divided by 56.
51
What is the remainder when 8793 is divided by 22?
15
What is the remainder when 41239 is divided by 5?
4
What is the remainder when 23593 is divided by 30?
13
What is the remainder when 24579 is divided by 324?
279
Calculate the remainder when 4680 is divided by 165.
60
Calculate the remainder when 469360 is divided by 187.
177
Calculate the remainder when 17536 is divided by 46.
10
What is the remainder when 422265 is divided by 23459?
3
Calculate the remainder when 1504 is divided by 93.
16
Calculate the remainder when 62127 is divided by 110.
87
What is the remainder when 178032 is divided by 7418?
0
Calculate the remainder when 219 is divided by 57.
48
Calculate the remainder when 73527 is divided by 97.
1
What is the remainder when 4888 is divided by 3?
1
Calculate the remainder when 9333 is divided by 4614.
105
What is the remainder when 8386 is divided by 123?
22
What is the remainder when 1961 is divided by 1763?
198
What is the remainder when 35946 is divided by 507?
456
What is the remainder when 24373 is divided by 81?
73
What is the remainder when 942 is divided by 40?
22
What is the remainder when 250113 is divided by 79?
78
Calculate the remainder when 6332931 is divided by 131.
129
What is the remainder when 2128 is divided by 50?
28
Calculate the remainder when 413787 is divided by 65.
62
What is the remainder when 212557 is divided by 263?
53
Calculate the remainder when 21051 is divided by 1034.
371
Calculate the remainder when 334157 is divided by 40.
37
What is the remainder when 741 is divided by 361?
19
Calculate the remainder when 117426 is divided by 28.
22
Calculate the remainder when 91009 is divided by 2116.
21
Calculate the remainder when 809 is divided by 212.
173
Calculate the remainder when 92840 is divided by 876.
860
Calculate the remainder when 545517 is divided by 60.
57
Calculate the remainder when 21197 is divided by 106.
103
Calculate the remainder when 6992 is divided by 700.
692
Calculate the remainder when 3921 is divided by 30.
21
Calculate the remainder when 2235824 is divided by 15.
14
Calculate the remainder when 154105 is divided by 33.
28
What is the remainder when 8478 is divided by 1036?
190
Calculate the remainder when 10421 is divided by 3158.
947
What is the remainder when 232737 is divided by 20?
17
Calculate the remainder when 73919 is divided by 2.
1
Calculate the remainder when 22006 is divided by 52.
10
What is the remainder when 1017 is divided by 272?
201
Calculate the remainder when 157545 is divided by 473.
36
What is the remainder when 1191694 is divided by 13?
10
What is the remainder when 436272 is divided by 436271?
1
What is the remainder when 32886 is divided by 1174?
14
What is the remainder when 33442 is divided by 189?
178
What is the remainder when 2075 is divided by 354?
305
What is the remainder when 109280 is divided by 490?
10
Calculate the remainder when 11014 is divided by 58.
52
Calculate the remainder when 57242 is divided by 690.
662
Calculate the remainder when 14971 is divided by 931.
75
Calculate the remainder when 25832 is divided by 1727.
1654
What is the remainder when 1528 is divided by 76?
8
Calculate the remainder when 23229 is divided by 89.
0
Calculate the remainder when 28182 is divided by 303.
3
What is the remainder when 5848 is divided by 78?
76
What is the remainder when 1209 is divided by 4?
1
What is the remainder when 468 is divided by 155?
3
Calculate the remainder when 32841 is divided by 3647.
18
What is the remainder when 391 is divided by 383?
8
Calculate the remainder when 49213 is divided by 3779.
86
What is the remainder when 455899 is divided by 12?
7
What is the remainder when 2888688 is divided by 58?
56
Calculate the remainder when 22489 is divided by 62.
45
What is the remainder when 63176 is divided by 107?
46
What is the remainder when 78416 is divided by 4612?
12
Calculate the remainder when 40870 is divided by 435.
415
What is the remainder when 830757 is divided by 105?
102
Calculate the remainder when 56501 is divided by 8053.
130
Calculate the remainder when 25399 is divided by 320.
119
What is the remainder when 952 is divided by 89?
62
Calculate the remainder when 2463 is divided by 59.
44
What is the remainder when 1682409 is divided by 1715?
1709
What is the remainder when 16426 is divided by 13?
7
Calcul